- 1319. What is the highest common factor of 90 and x?
5
Let x be 1798 + (-4)/14*(-6 + -29). What is the greatest common divisor of x and 16?
16
Let p = 346 - 244. Let g = 182 - p. Suppose 2501 = 25*w - 499. What is the greatest common divisor of w and g?
40
Suppose -5194 = 74*m - 29170. What is the greatest common factor of 2349 and m?
81
Suppose 0 = -1060*q + 165*q + 76075. What is the greatest common factor of q and 7837?
17
Let l = -6491 + 9714. What is the highest common divisor of l and 22?
11
Let f(l) = -230*l - 4480. Let c be f(-22). What is the greatest common factor of 240 and c?
20
Suppose 0 = -2*x + x + 275. Let i = 46 + -75. Let v(r) = r**2 + 27*r - 33. Let z be v(i). Calculate the highest common factor of z and x.
25
Let q = 485 + -419. Let l = 99 - q. What is the highest common divisor of l and 22?
11
Let v be (-3)/(-3)*-7 + 0. Let f = 4 - v. Let d(c) = -c**2 - 51*c - 264. Let a be d(-44). Calculate the highest common factor of f and a.
11
Let c = 21 - 18. Let z(n) = -n**2 + 3*n + 4. Let r be z(c). Suppose x - 3*s = 8, r*x - 8 = 3*x - 4*s. What is the highest common divisor of 12 and x?
4
Suppose 915 = 5*j + 5*z, 2*j - 341 - 34 = -5*z. Suppose -5*u = -30 + 10, 3*u + j = 2*r. What is the greatest common factor of 72 and r?
24
Let t = -89 + 89. Suppose t = -3*s + 3*m + 198, 2*s + 3*m = 8*m + 141. Calculate the greatest common divisor of 135 and s.
9
Suppose -2*h = 5*p - 33, h - 7 = -p + 2. Suppose 4*i = 4*f - 520, -p*i = 4*f + f - 610. Calculate the greatest common divisor of f and 12.
6
Let d(h) = 186*h - 2265. Let z be d(35). Calculate the greatest common factor of 105 and z.
15
Suppose -5*x = -2*b + 1273 - 1637, 0 = -x + 4*b + 98. Calculate the highest common divisor of 7028 and x.
14
Let l be (7 + -23)*(8 + (-5 - 541)). Calculate the greatest common factor of l and 96.
32
Suppose 1 = 4*g + 9. Let s = 3 - g. Suppose 0 = h - 3*r - 0*r - 18, -4*h + 57 = 3*r. Calculate the greatest common factor of s and h.
5
Let n = 3918 - 3848. Calculate the greatest common factor of n and 50.
10
Suppose 0 = 5*b - 14*b + 36. Suppose c + 123 = b*c. Calculate the greatest common factor of c and 1517.
41
Suppose -475*v = -470*v + q - 1347, 2*v - 546 = 2*q. What is the highest common factor of v and 11790?
90
Let j(l) = -l**3 - 6*l**2 - 2. Let g be j(-8). Let z = 11784 + -11756. Calculate the highest common factor of z and g.
14
Let y = 214 - 213. Suppose -5*n = 4*f - 56, f - 2*f + 3*n - 3 = 0. Suppose -3*w = -f*w + 42. What is the greatest common factor of y and w?
1
Let i(t) = t**3 - 58*t**2 + 81*t + 536. Let b be i(57). Calculate the greatest common divisor of b and 136.
136
Let q be (4424/1422)/(4/486). What is the greatest common factor of 70 and q?
14
Let m be (2/4)/((-12)/(-72)). Let p be m - (-1 + 0 + 0 + -22). Suppose 23*r + 6 = p*r. Calculate the highest common factor of r and 16.
2
Let z = -592 - -882. Let g = 33378 - 33320. What is the greatest common divisor of z and g?
58
Let j be 8/(-16) + (-21)/6. Let n be (1/j)/(1/(-11))*8. What is the greatest common divisor of 66 and n?
22
Let a be 1/(-5) - 2023/85. Let b be -10*-58*6/(0 - a). Calculate the highest common divisor of 5 and b.
5
Let p be (-7)/(0 - (5 - 6)). Let l be 28/p + 948 + 8. What is the greatest common divisor of l and 119?
119
Suppose -39*r - 141257 = -110*r - 6996. What is the greatest common factor of 93 and r?
31
Suppose 42*v - 22*v = -7*v + 3672. Calculate the greatest common divisor of v and 782.
34
Let l(d) = 179*d**3 - 48*d**2 + 175*d - 12. Let q be l(4). Calculate the greatest common factor of 12 and q.
12
Let x = 85 - -35. Let i = 784 - 778. Suppose 0 = -t - 5*r + 55, i = t - 5*r + 1. What is the greatest common divisor of x and t?
30
Let r be 500 - (4 + (-1 - -10 - 17)). What is the highest common divisor of 798 and r?
42
Suppose 0 = 15*j - 6 + 6. Suppose j = -11*t - 3*t + 1890. What is the highest common divisor of t and 60?
15
Let m be 2 + 90/4 - (-12)/(-24). Let z(h) = 22*h + 3. Let x be z(1). Suppose 0 = 29*q - x*q - 128. Calculate the highest common factor of q and m.
8
Let r = 612 + -248. Let b = -332 + r. Suppose 0 = 5*n + 4*c - 12, -4*n + 3*c = -23 + 1. Calculate the greatest common divisor of n and b.
4
Suppose 72*h - 54*h - 18450 = 0. What is the greatest common factor of 328 and h?
41
Let w be 2/((-1)/(-8)*4) - 4. Suppose -14*y + 42 + 210 = w. What is the greatest common factor of y and 648?
18
Let k = 47 - 34. Suppose 16*s - 14*s - 4*d - 8 = 0, -5*s = -2*d - 4. Suppose s = o - 2*o + k. What is the highest common divisor of o and 13?
13
Let w be 1 - (156 + (8 - 4)). Let x be w/212 + (-406)/(-8). Calculate the highest common factor of 5 and x.
5
Let m(s) = 7*s - 55. Let g be m(9). Let u be ((-4)/g)/((-3)/222). What is the greatest common factor of u and 481?
37
Let c be (12245/31)/(10/2). Suppose c = 21*w - 47. Calculate the greatest common factor of w and 582.
6
Let l(m) = 4*m - 5. Let p be l(2). Suppose 0 = -3*f - 15, p*f = 4*y - y + 6. Let d be y/(1 + (-24)/20). Calculate the highest common divisor of d and 7.
7
Suppose -2*m = -z + m - 263, -3*m + 795 = -3*z. Let r = z + 278. Calculate the greatest common factor of 276 and r.
12
Suppose -3*q - 2118 = -5*l - 272, 2*q = -4. Calculate the highest common factor of 115 and l.
23
Suppose 16 = -4*a, 2*a + 30 = -4*d + 6. Let k be ((-21)/4 + 4)*d. Suppose -k*i = -i - 32. Calculate the greatest common divisor of 16 and i.
8
Suppose 2*c - 4*g - 24 = 0, 2*c - 3*c = 2*g + 4. Suppose 5*t - 4*t = -30. Let r = 34 + t. Calculate the highest common divisor of c and r.
4
Suppose 4*r + 226647 = 31*r - 114174. Calculate the greatest common factor of 13 and r.
13
Let b(m) be the second derivative of -m**5/20 + m**4/12 + 11*m**2/2 - 156*m. Let q be b(-3). Calculate the highest common factor of q and 329.
47
Suppose -2*y - 536 = -6*y + g, 4*y - 536 = 2*g. Suppose -35*c - 34*c + 42 = -48*c. What is the highest common factor of c and y?
2
Let n(b) = 6763*b + 20315. Let l be n(-3). Let p(z) = 16*z**2 + 1 - 1 - 3 + 2*z. Let o be p(2). Calculate the greatest common factor of o and l.
13
Let d = 472 - 198. Let y = d - 179. Let g be (2/7)/(y/(-35) + 3). What is the highest common factor of 5 and g?
1
Let u be 11700/(-90)*(-24)/10. What is the greatest common factor of u and 40?
8
Let b(u) = -u**3 + 21*u**2 + 22*u + 2. Let j be 33/(-4 + 11/2). Let r be b(j). Suppose r*o + 160 = 6*o. What is the highest common factor of 10 and o?
10
Let t = -12808 - -12821. What is the highest common factor of t and 3653?
13
Suppose 34*k - 83204 = -28*k. Calculate the greatest common factor of 2074 and k.
122
Suppose 2*n - 2*p = 44, 2*n - 33 = -3*p - 14. Suppose b - 5*y + 14 = 1, -y + n = b. Suppose -5*v = -0*v - 480. Calculate the greatest common divisor of v and b.
12
Let d = -418 - -427. Suppose d*j - 1239 = 516. What is the highest common divisor of 351 and j?
39
Suppose -j + 3*z = -9920, -4*z + 19339 = 4*j - 20245. Calculate the highest common factor of j and 2.
2
Suppose -3*b - 2*n - 268 = -5*b, -2*n - 400 = -3*b. Let i(t) = 7 + 14*t - t - 8. Let j be i(1). Calculate the greatest common factor of j and b.
12
Let v = -11891 - -14311. What is the highest common factor of v and 1100?
220
Let u be ((-14)/(-28))/((-21)/24 + 1). Suppose -3*z + 2*g = -56, -u*g = 3*z - 18 - 14. Calculate the greatest common factor of 32 and z.
16
Let c be (-4135)/(-75) - -3 - (-4)/(-30). Suppose 105*i - 12052 = 9263. Calculate the highest common factor of c and i.
29
Suppose -9 = 3*n, 0*y = 3*y - 4*n - 57. Suppose -125 = 14*z - y*z - 3*b, -z - 2*b = -126. What is the highest common factor of z and 96?
32
Let i = -6 + 9. Let n = 2883 - 2877. Calculate the greatest common factor of n and i.
3
Let p be (4 - (-39)/(-9))*-6. Let o(r) = -p*r + 7 - 5 + r + 5. Let j be o(-3). Calculate the highest common divisor of 50 and j.
10
Let o = 2717 - 2438. What is the greatest common divisor of 651 and o?
93
Let z(x) = 2*x. Let j(q) = -30*q - 217. Let v(g) = j(g) + z(g). Let r be v(-15). What is the greatest common divisor of 29 and r?
29
Suppose a = 0, -2*a - 13 - 11 = -2*i. Let k(y) = -y**2 + 17*y + 17. Let l be k(i). Let o = l + -63. What is the greatest common divisor of 35 and o?
7
Suppose -1018*w - r - 920 = -1019*w, 0 = 4*w + 5*r - 3707. What is the highest common factor of